 divided by 104596.
4228
What is the remainder when 2906965 is divided by 726730?
45
Calculate the remainder when 14823298 is divided by 172.
166
What is the remainder when 26740222 is divided by 2304?
2302
What is the remainder when 453929 is divided by 249?
2
What is the remainder when 676182 is divided by 135209?
137
Calculate the remainder when 510260840 is divided by 2093.
2091
Calculate the remainder when 923955 is divided by 913.
912
Calculate the remainder when 505741 is divided by 13.
2
What is the remainder when 2097508599 is divided by 294?
291
What is the remainder when 1343079 is divided by 2939?
2895
What is the remainder when 3776455 is divided by 64007?
42
Calculate the remainder when 83053941 is divided by 3486.
3477
Calculate the remainder when 79846431 is divided by 28.
7
What is the remainder when 120478 is divided by 310?
198
Calculate the remainder when 7832434 is divided by 2610799.
37
What is the remainder when 147966 is divided by 4365?
3921
What is the remainder when 73464 is divided by 1477?
1091
What is the remainder when 432828 is divided by 71468?
4020
What is the remainder when 16762562 is divided by 377?
11
What is the remainder when 15132 is divided by 14927?
205
What is the remainder when 671870 is divided by 350?
220
Calculate the remainder when 194340 is divided by 194336.
4
Calculate the remainder when 30104505 is divided by 28.
25
Calculate the remainder when 101321 is divided by 985.
851
Calculate the remainder when 6244896 is divided by 1852.
1804
Calculate the remainder when 276241188 is divided by 752.
4
What is the remainder when 309353 is divided by 309345?
8
Calculate the remainder when 469795 is divided by 1035.
940
What is the remainder when 509855 is divided by 1783?
1700
Calculate the remainder when 24647 is divided by 4367.
2812
What is the remainder when 57426578 is divided by 2610299?
0
What is the remainder when 38897 is divided by 37424?
1473
Calculate the remainder when 522682 is divided by 5272.
754
Calculate the remainder when 1376885 is divided by 594.
587
Calculate the remainder when 32658 is divided by 2512.
2
What is the remainder when 626529 is divided by 908?
9
Calculate the remainder when 2160287 is divided by 2984.
2855
Calculate the remainder when 1762709 is divided by 41969.
11
What is the remainder when 530147 is divided by 13604?
13195
Calculate the remainder when 87346 is divided by 1939.
91
What is the remainder when 21565575 is divided by 3185?
3125
Calculate the remainder when 284072 is divided by 828.
68
Calculate the remainder when 15437024 is divided by 654.
8
Calculate the remainder when 9677022 is divided by 77.
47
What is the remainder when 190140 is divided by 517?
401
Calculate the remainder when 108101832 is divided by 36033940.
12
What is the remainder when 144834655 is divided by 1807?
1798
What is the remainder when 531493 is divided by 1391?
131
What is the remainder when 80754 is divided by 1626?
1080
What is the remainder when 180076 is divided by 8574?
22
Calculate the remainder when 6184474 is divided by 1332.
1330
Calculate the remainder when 163688 is divided by 2123.
217
What is the remainder when 2314939 is divided by 89036?
3
Calculate the remainder when 343161 is divided by 117.
0
Calculate the remainder when 4092222 is divided by 30768.
78
What is the remainder when 2747360 is divided by 4253?
4175
What is the remainder when 2216723 is divided by 172?
159
What is the remainder when 72947 is divided by 2196?
479
What is the remainder when 106733 is divided by 106560?
173
Calculate the remainder when 25613252 is divided by 599.
12
What is the remainder when 1604641 is divided by 208?
129
Calculate the remainder when 4417807 is divided by 18.
13
Calculate the remainder when 879160 is divided by 1769.
1736
What is the remainder when 31116127 is divided by 2126?
2117
Calculate the remainder when 15084853 is divided by 5028273.
34
Calculate the remainder when 229276 is divided by 1489.
1459
Calculate the remainder when 419397 is divided by 58.
57
What is the remainder when 10103893 is divided by 42?
37
What is the remainder when 263976 is divided by 556?
432
Calculate the remainder when 21162 is divided by 19730.
1432
Calculate the remainder when 29277 is divided by 9586.
519
Calculate the remainder when 25536637 is divided by 10.
7
What is the remainder when 5839197 is divided by 4041?
3993
What is the remainder when 5341336 is divided by 130276?
20
What is the remainder when 721817 is divided by 3799?
7
Calculate the remainder when 1406683 is divided by 281253.
418
Calculate the remainder when 1618273 is divided by 281.
275
What is the remainder when 12140506 is divided by 938?
910
What is the remainder when 1152547 is divided by 736?
707
What is the remainder when 8353 is divided by 573?
331
What is the remainder when 58770 is divided by 14609?
334
What is the remainder when 2041812 is divided by 224?
52
Calculate the remainder when 7000 is divided by 6086.
914
Calculate the remainder when 28194 is divided by 280.
194
What is the remainder when 4796559 is divided by 152?
47
Calculate the remainder when 188255 is divided by 10446.
227
What is the remainder when 143736 is divided by 10926?
1698
Calculate the remainder when 91350073 is divided by 550.
23
What is the remainder when 895692 is divided by 12800?
12492
Calculate the remainder when 2584671 is divided by 7.
5
What is the remainder when 2814036 is divided by 703288?
884
Calculate the remainder when 5306197 is divided by 11.
6
Calculate the remainder when 728779 is divided by 638.
183
What is the remainder when 381412 is divided by 968?
20
What is the remainder when 113101 is divided by 478?
293
What is the remainder when 192766959 is divided by 158?
7
Calculate the remainder when 356857 is divided by 1218.
1201
Calculate the remainder when 7677006 is divided by 412.
210
What is the remainder when 423624 is divided by 149?
17
What is the remainder when 1887676 is divided by 279?
241
What is the remainder when 988986 is divided by 1303?
9
What is the remainder when 53160 is divided by 721?
527
What is the remainder when 1973739 is divided by 657911?
6
What is the remainder when 927379 is divided by 292?
279
Calculate the remainder when 53259062 is divided by 33.
32
Calculate the remainder when 10763614 is divided by 222.
166
Calculate the remainder when 903136 is divided by 451550.
36
Calculate the remainder when 17849819 is divided by 1555.
1529
What is the remainder when 4825048 is divided by 35?
18
Calculate the remainder when 39621666 is divided by 39621593.
73
Calculate the remainder when 637969 is divided by 55.
24
Calculate the remainder when 15234555 is divided by 3808506.
531
Calculate the remainder when 30426334 is divided by 116.
114
What is the remainder when 1636253 is divided by 3850?
3
Calculate the remainder when 20994281 is divided by 16.
9
What is the remainder when 85279 is divided by 621?
202
What is the remainder when 4385 is divided by 2437?
1948
What is the remainder when 2200201 is divided by 1224?
673
Calculate the remainder when 125492 is divided by 30759.
2456
What is the remainder when 28791555 is divided by 23313?
0
Calculate the remainder when 3099955 is divided by 1549970.
15
What is the remainder when 798005 is divided by 398999?
7
Calculate the remainder when 9671724 is divided by 24.
12
What is the remainder when 17972783 is divided by 254?
251
Calculate the remainder when 5803596 is divided by 494.
84
What is the remainder when 11785049 is divided by 5892524?
1
What is the remainder when 5412418 is divided by 2621?
53
Calculate the remainder when 1027831 is divided by 8667.
5125
Calculate the remainder when 4175742 is divided by 253.
230
What is the remainder when 17223916 is divided by 5741304?
4
Calculate the remainder when 9056978 is divided by 620.
18
Calculate the remainder when 1406088861 is divided by 817.
815
Calculate the remainder when 209353 is divided by 6978.
13
What is the remainder when 41245 is divided by 555?
175
Calculate the remainder when 11322 is divided by 2168.
482
What is the remainder when 562654 is divided by 1006?
300
What is the remainder when 122878527 is divided by 20725?
2
What is the remainder when 336305 is divided by 1254?
2